f y and 26.
13
Suppose 63 = 6*z - 3*z + f, f = 3*z - 57. Let v(i) = i**2 + 4*i - 7. Let p be v(-6). Calculate the highest common divisor of z and p.
5
Let t = -41 + 121. Let p be 1*-5*(-192)/10. Suppose t = 2*x - p. What is the highest common factor of 8 and x?
8
Let f(g) = -g**3 - g**2 + 5*g - 2. Let u be f(-4). Let d = -79 + 144. Calculate the greatest common factor of d and u.
13
Suppose 0 = -0*l + l + 6. Let b be (-10)/15 - 58/l. Suppose 5*j = 386 + 19. Calculate the highest common divisor of b and j.
9
Suppose -s + 2*s - 103 = -5*v, -107 = -5*v + s. Let u be 8/(-4) + 3 + 2. What is the highest common divisor of u and v?
3
Suppose -2 = -q - 4. Let x = 1 - q. Suppose g + 8*n - 11*n = 0, 0 = 4*g + n - 26. What is the greatest common factor of g and x?
3
Let y = 3 - 0. Suppose 2*v - 70 = 7*v. Let g = v - -20. What is the highest common divisor of g and y?
3
Let d(w) = w**2 + 4*w - 3. Let y be d(3). Let u = y + 4. What is the highest common divisor of 11 and u?
11
Suppose 24*f = 13*f + 33. What is the greatest common factor of f and 2?
1
Suppose -g + 2*u + 8 = 0, g + 2*u - 2 = 10. What is the greatest common divisor of 30 and g?
10
Suppose 2*w - 4*w = -4. Suppose p + 12 = w*p. Calculate the highest common divisor of p and 48.
12
Suppose 3*p = -5*b + 84, 0 = 2*b + 5*p - 14 - 12. What is the greatest common factor of b and 144?
18
Let j = -37 + 22. Let y = j + 30. Let l = 13 - -2. Calculate the greatest common divisor of y and l.
15
Let o be (4 + 1)*8/10. Suppose -4*v + 3*a - 6 = 0, 8 = -o*v - 0*a + 4*a. Let y(x) = x + 9. Let q be y(v). What is the highest common factor of q and 9?
9
Suppose -n + 5*n = 100. What is the highest common factor of n and 5?
5
Let s(u) = -7*u**3 - u. Let j be (2 + -1 - 2)*1. Let q be s(j). Calculate the greatest common factor of 8 and q.
8
Suppose 2*k + k = 114. Let f = 18 - -39. Calculate the greatest common factor of k and f.
19
Let m be (7 + 1 + 0)*1. Calculate the highest common factor of m and 88.
8
Suppose -4*d + 275 = d. Let g = 4 - 9. Let u = 0 - g. What is the highest common divisor of u and d?
5
Let d be (-2 - (-3 - -2))*19/(-19). Calculate the highest common divisor of d and 16.
1
Let l = -14 - -8. Let r be (-2)/l + (-23)/(-3). Let w(k) = 2*k**2 - 9*k + 6. Let m be w(6). What is the highest common divisor of m and r?
8
Suppose 5*f + 23 = -3*p + 104, -2*f - 5*p = -21. Calculate the greatest common divisor of 9 and f.
9
Let a be 45/(-2)*4/(-5). Let p = 44 - a. Calculate the highest common factor of p and 208.
26
Let m(r) = -r**3 - 9*r**2 - 6*r + 18. Let z be m(-8). What is the greatest common divisor of 8 and z?
2
Suppose 5*j = 10*j - 910. What is the greatest common factor of j and 26?
26
Suppose -2*s - 2 + 18 = 0. Let i be (-2)/6 + (-64)/(-12). Suppose q - 51 = -5*v, 0 = v - i*v - 4. What is the greatest common divisor of s and q?
8
Let r = 180 - 120. What is the greatest common factor of 20 and r?
20
Let y be (-1)/(-3)*15 + -1. Calculate the greatest common factor of y and 36.
4
Suppose 0 = -4*v + 757 + 43. What is the greatest common divisor of 50 and v?
50
Let i(c) = 2*c - 10. Let b be i(8). Suppose s = -5*q + 15, 5*s - 2*q - 75 = -0*q. What is the greatest common divisor of b and s?
3
Let q be -5*(-1422)/120 + 3/4. What is the highest common divisor of q and 540?
60
Suppose y + 4 = 0, 2*j + y + 10 = -0*y. Let s(d) = 18*d**2 - 3*d - 3. Let p be s(j). Suppose -g + 5*g = p. Calculate the highest common divisor of g and 6.
6
Suppose -7*b + 44 = -5*b. Suppose -b = -4*r + j, -5*j - 12 = -4*r + 2. Calculate the greatest common factor of 54 and r.
6
Let v(t) = -11*t - 8. Let c be v(-4). What is the highest common divisor of c and 24?
12
Let o be 3/(-3) + 4 - (-10 + -372). Calculate the greatest common divisor of o and 35.
35
Let j(i) = i**2 - 14*i + 40. Let o be j(12). Calculate the highest common divisor of 128 and o.
16
Let d(y) = -y + 14. Let b be d(8). Let p = 4 - b. Let l be -38*(-3)/6 + p. Calculate the greatest common divisor of l and 136.
17
Let p = 80 - 54. What is the greatest common factor of p and 39?
13
Let p = 2 - 77. Let u be (12/(-10))/(3/p). Calculate the highest common divisor of u and 75.
15
Let y(c) = 2*c - 1. Let v be y(1). Suppose 5*q - 24 = 5*g + 6, -12 = q + 5*g. Let j be q/(4 - 1/1). What is the greatest common factor of v and j?
1
Let y(l) = l**3 - l**2 - 4. Let o be y(0). Let n(v) = -2*v - 4. Let f be n(o). Calculate the highest common factor of 20 and f.
4
Suppose 4*b = 3*f, 3*f - 6*f + 18 = 2*b. Let c(v) = 3*v - 7. Let i be c(7). Suppose i = 3*m - 13. Calculate the highest common divisor of m and b.
3
Let f be (0 + -1)/(1/(-4)). Suppose -f*c - 4*r = r - 41, 3*c - 39 = -r. Calculate the highest common divisor of c and 28.
14
Let u(t) = t**2 - 3*t - 5. Let c be u(7). Suppose 3*w + 0*w + c = 5*q, 0 = 3*w - 12. Suppose r - 21 = -2*r. What is the greatest common divisor of r and q?
7
Let i(c) = 2*c - 4. Let m be i(4). Calculate the greatest common divisor of 4 and m.
4
Let z be 2/(1/1)*(-80)/(-32). Calculate the highest common divisor of 5 and z.
5
Let p(f) = -2*f - 1. Let l be p(-8). Let r(w) = -59*w - 1. Let m be r(3). Let j = -13 - m. Calculate the greatest common factor of j and l.
15
Let o be (670/(-8))/(-5) - 2/(-8). What is the highest common factor of 34 and o?
17
Suppose -3*j = 3*l - 399, -2*j + l + 2*l = -261. What is the greatest common factor of 12 and j?
12
Let w = -65 - -79. Calculate the highest common factor of 4 and w.
2
Suppose -j = 4*n - 6, n = j - 0*n - 16. Calculate the greatest common divisor of j and 21.
7
Let z be (-24)/(-16)*88/3. Calculate the greatest common divisor of 11 and z.
11
Let k(v) = 2*v - 1 + 3 + 1 - 4*v. Let w(s) = s**2 + 6*s + 5. Let d be w(-4). Let r be k(d). What is the highest common factor of 1 and r?
1
Let l = 182 - 121. Let u = l - 42. Suppose -v + 5*n + 8 = 26, -2*v = n - u. Calculate the greatest common divisor of 1 and v.
1
Suppose -431 = -9*q - 116. Calculate the highest common divisor of q and 5.
5
Suppose -2*p - 28 = -3*p. Let g = 23 - 16. Calculate the greatest common divisor of p and g.
7
Let l be (-6)/9 - 33/(-9). Suppose g - 15 = -l. What is the greatest common divisor of g and 12?
12
Let g(i) = -i + 1. Let u be g(-1). Calculate the highest common divisor of 20 and u.
2
Let p be 2 + (1 + -1 - -10). Suppose -3*x = -2*x - p. Let m be 4/10 - 356/(-10). What is the highest common divisor of x and m?
12
Suppose -20 = -4*x - 4, -4*b - 5*x + 64 = 0. Calculate the highest common divisor of 55 and b.
11
Let y be 1070/14 - 6/14. Calculate the greatest common divisor of 19 and y.
19
Suppose -8 = -3*t + 7. Let w = -43 - -21. Let k = -2 - w. What is the greatest common divisor of k and t?
5
Let g = 287 + -152. What is the highest common divisor of 15 and g?
15
Let c(q) = -9*q - 9. Let w be c(-6). Let j = 487 + -478. What is the greatest common factor of w and j?
9
Suppose 0 = h - 4*d + 10, -3*h - 20 = 2*h - 5*d. Let k be -1 + (-5)/2*h. Suppose 0*y + 2*y = 32. What is the highest common factor of y and k?
4
Let l(y) = 18*y + 55. Let r be l(-3). What is the highest common factor of 16 and r?
1
Let z(m) = -2*m - 12. Let x be z(-5). Let g be (191 - -7)*x/(-4). What is the greatest common divisor of g and 9?
9
Let f be (6/4)/((-33)/(-88)). Calculate the greatest common factor of 36 and f.
4
Suppose -5*f + 10 + 20 = 0. Let z be 3*f*(-8)/(-12). Calculate the highest common divisor of z and 36.
12
Let q(a) = -a**3 - 2*a - 1. Let o be q(-2). Let b be 7/175*10 + (-6)/(-10). What is the highest common factor of b and o?
1
Let p = 35 + -11. What is the greatest common factor of 3 and p?
3
Suppose v - 44 = -5. Let p = v + -19. Let i = 22 + -14. What is the highest common factor of i and p?
4
Let d = 63 - 39. Let g be (-32)/6*(-9)/3. Suppose 2*v = -n, 4*v - g = -4*n - 0*v. Calculate the greatest common factor of n and d.
8
Let h(z) = -5*z - 3. Let f be h(-5). Let v be 1474/121 + (-4)/f. What is the greatest common divisor of v and 3?
3
Let v be (-2)/(-6) - (-5)/3. Suppose -6*l + 36 = -v*l. Let x(c) = c**2 - 6*c + 6. Let f be x(l). Calculate the highest common divisor of f and 11.
11
Suppose -5*s + 95 = -0*s. Let u = -8 + s. Calculate the greatest common factor of 77 and u.
11
Suppose j = 4*k + 44, -2*k - 146 = -4*j - k. What is the greatest common factor 